greatest common factor of 50 and 90?
10
What is the highest common factor of 315 and 5775?
105
What is the highest common factor of 21 and 28?
7
Calculate the highest common divisor of 78 and 117.
39
Calculate the greatest common divisor of 99 and 693.
99
What is the greatest common factor of 1694 and 1386?
154
Calculate the greatest common divisor of 1035 and 375.
15
Calculate the highest common factor of 66 and 150.
6
Calculate the highest common divisor of 2 and 26.
2
Calculate the greatest common divisor of 126 and 2.
2
What is the greatest common divisor of 276 and 2028?
12
What is the highest common divisor of 35 and 2485?
35
What is the highest common divisor of 136 and 34?
34
What is the highest common factor of 20 and 580?
20
Calculate the greatest common factor of 4169 and 22.
11
What is the highest common factor of 44 and 264?
44
Calculate the highest common divisor of 1614 and 6.
6
What is the highest common factor of 378 and 54?
54
What is the greatest common factor of 69 and 115?
23
Calculate the greatest common factor of 14848 and 29.
29
Calculate the greatest common divisor of 13 and 286.
13
Calculate the greatest common factor of 252 and 23184.
252
What is the highest common factor of 22 and 374?
22
What is the greatest common divisor of 102 and 1394?
34
What is the highest common divisor of 976 and 12932?
244
What is the greatest common factor of 259 and 28?
7
Calculate the highest common divisor of 25504 and 32.
32
What is the highest common factor of 344 and 78088?
344
Calculate the greatest common factor of 7 and 301.
7
Calculate the highest common divisor of 1100 and 200.
100
What is the highest common factor of 44 and 16841?
11
Calculate the highest common factor of 36 and 348.
12
What is the highest common divisor of 4067 and 49?
49
Calculate the highest common divisor of 1170 and 325.
65
Calculate the greatest common divisor of 33 and 561.
33
Calculate the greatest common factor of 1715 and 105.
35
Calculate the greatest common factor of 36 and 4068.
36
What is the greatest common divisor of 50 and 14075?
25
Calculate the greatest common factor of 1452 and 528.
132
What is the greatest common factor of 46 and 27646?
46
Calculate the greatest common divisor of 84 and 6447.
21
What is the greatest common divisor of 41 and 287?
41
Calculate the highest common factor of 135 and 30.
15
Calculate the highest common factor of 296 and 481.
37
Calculate the highest common divisor of 13952 and 128.
128
Calculate the highest common factor of 988 and 52.
52
Calculate the highest common divisor of 12545 and 1158.
193
Calculate the highest common factor of 37743 and 69.
69
What is the highest common factor of 17292 and 110?
22
Calculate the highest common divisor of 1900 and 76.
76
What is the greatest common factor of 52 and 52?
52
Calculate the highest common factor of 6215 and 385.
55
What is the highest common divisor of 138 and 5?
1
What is the highest common divisor of 19 and 1007?
19
Calculate the greatest common factor of 64 and 288.
32
What is the greatest common factor of 824 and 721?
103
Calculate the highest common factor of 79232 and 128.
128
Calculate the greatest common divisor of 16814 and 14.
14
What is the greatest common divisor of 5909 and 1555?
311
What is the greatest common divisor of 274 and 13837?
137
Calculate the greatest common divisor of 737 and 11.
11
Calculate the greatest common divisor of 11 and 6281.
11
What is the greatest common divisor of 2 and 118?
2
What is the highest common divisor of 117 and 126?
9
What is the greatest common factor of 12850 and 350?
50
Calculate the highest common divisor of 90 and 195.
15
What is the greatest common divisor of 990 and 6336?
198
Calculate the highest common divisor of 279 and 9.
9
What is the highest common factor of 26 and 377?
13
What is the highest common divisor of 18 and 90?
18
What is the highest common divisor of 34 and 34?
34
What is the highest common factor of 204 and 132?
12
Calculate the greatest common factor of 985 and 5.
5
What is the highest common factor of 160 and 1360?
80
Calculate the greatest common factor of 135 and 9.
9
What is the greatest common divisor of 1785 and 560?
35
Calculate the greatest common divisor of 9 and 3.
3
What is the highest common divisor of 504 and 42?
42
What is the highest common factor of 9 and 69?
3
Calculate the highest common divisor of 3504 and 48.
48
What is the highest common divisor of 1107 and 410?
41
What is the highest common factor of 18 and 306?
18
Calculate the greatest common factor of 44 and 2519.
11
What is the highest common factor of 741 and 156?
39
Calculate the greatest common factor of 5246 and 86.
86
Calculate the highest common divisor of 4 and 30.
2
Calculate the highest common factor of 175 and 35.
35
Calculate the greatest common divisor of 3379 and 124.
31
Calculate the greatest common factor of 36 and 18.
18
Calculate the highest common factor of 20 and 1460.
20
Calculate the greatest common factor of 7 and 6979.
7
Calculate the greatest common divisor of 6214 and 182.
26
Calculate the highest common divisor of 2197 and 338.
169
Calculate the highest common factor of 23 and 31464.
23
What is the highest common factor of 625 and 25?
25
What is the highest common factor of 56 and 1288?
56
Calculate the greatest common factor of 52 and 468.
52
Calculate the highest common factor of 1088 and 17.
17
What is the highest common divisor of 5 and 265?
5
What is the greatest common factor of 64 and 1760?
32
Calculate the greatest common factor of 1833 and 39.
39
What is the highest common factor of 74 and 111?
37
What is the greatest common factor of 10 and 1315?
5
Calculate the greatest common divisor of 93 and 124.
31
Calculate the greatest common factor of 18752 and 128.
64
What is the greatest common factor of 1988 and 112?
28
What is the highest common divisor of 285 and 45?
15
What is the highest common factor of 72 and 768?
24
What is the highest common factor of 175 and 25?
25
What is the greatest common factor of 162 and 72?
18
What is the greatest common divisor of 312 and 24?
24
Calculate the highest common factor of 98 and 252.
14
Calculate the highest common divisor of 682 and 110.
22
What is the greatest common factor of 3618 and 270?
54
Calculate the greatest common factor of 1885 and 260.
65
Calculate the highest common factor of 154 and 286.
22
Calculate the highest common divisor of 4279 and 11.
11
What is the greatest common factor of 266 and 14?
14
Calculate the highest common divisor of 1764 and 432.
36
What is the highest common divisor of 35 and 1211?
7
Calculate the highest common divisor of 8 and 8984.
8
What is the greatest common divisor of 1073 and 74?
37
What is the greatest common factor of 13510 and 70?
70
What is the highest common factor of 3232 and 4?
4
Calculate the greatest common divisor of 6 and 7.
1
What is the highest common factor of 32 and 12448?
32
Calculate the highest common divisor of 354 and 18.
6
What is the highest common factor of 292 and 30003?
73
Calculate the greatest common factor of 37 and 37.
37
What is the greatest common divisor of 136 and 17?
17
Calculate the highest common factor of 7259 and 119.
119
Calculate the highest common factor of 224 and 42.
14
Calculate the highest common divisor of 2220 and 750.
30
What is the highest common divisor of 1 and 729?
1
What is the highest common factor of 168 and 6144?
24
Calculate the greatest common factor of 14 and 1015.
7
Calculate the highest common divisor of 5665 and 110.
55
What is the greatest common factor of 60 and 345?
15
Calculate the highest common divisor of 12 and 156.
12
Calculate the highest common factor of 12 and 76.
4
What is the greatest common factor of 20 and 70?
10
What is the greatest common divisor of 184 and 24?
8
What is the highest common factor of 8 and 1412?
4
Calculate the greatest common factor of 21 and 1029.
21
Calculate the highest common divisor of 6127 and 154.
11
Calculate the highest common factor of 93 and 465.
93
What is the greatest common factor of 14 and 2086?
14
Calculate the highest common divisor of 15079 and 34.
17
Calculate the highest common factor of 27 and 36.
9
Calculate the highest common divisor of 468 and 48.
12
Calculate the high